{"id":2458,"date":"2023-04-24T23:06:57","date_gmt":"2023-04-24T23:06:57","guid":{"rendered":"https:\/\/biopackchile.cl\/?post_type=product&#038;p=2458"},"modified":"2023-04-24T23:17:16","modified_gmt":"2023-04-24T23:17:16","slug":"film-granada","status":"publish","type":"product","link":"https:\/\/biopackchile.cl\/index.php\/producto\/film-granada\/","title":{"rendered":"Film Granada"},"content":{"rendered":"<p>De 20 micras de espesor y 10cm de ancho con mango de cart\u00f3n para facilitar el agarre. Ideal para el embalaje de art\u00edculos peque\u00f1os como cajas o envases.<\/p>\n","protected":false},"excerpt":{"rendered":"<p>De 20 micras de espesor y 10cm de ancho con mango de cart\u00f3n para facilitar el agarre. Ideal para el embalaje de art\u00edculos peque\u00f1os como cajas o envases.<\/p>\n","protected":false},"featured_media":2460,"comment_status":"closed","ping_status":"closed","template":"","meta":[],"product_brand":[],"product_cat":[164],"product_tag":[],"class_list":{"0":"post-2458","1":"product","2":"type-product","3":"status-publish","4":"has-post-thumbnail","6":"product_cat-film-stretch","8":"first","9":"instock","10":"taxable","11":"shipping-taxable","12":"product-type-simple"},"_links":{"self":[{"href":"https:\/\/biopackchile.cl\/index.php\/wp-json\/wp\/v2\/product\/2458","targetHints":{"allow":["GET"]}}],"collection":[{"href":"https:\/\/biopackchile.cl\/index.php\/wp-json\/wp\/v2\/product"}],"about":[{"href":"https:\/\/biopackchile.cl\/index.php\/wp-json\/wp\/v2\/types\/product"}],"replies":[{"embeddable":true,"href":"https:\/\/biopackchile.cl\/index.php\/wp-json\/wp\/v2\/comments?post=2458"}],"version-history":[{"count":1,"href":"https:\/\/biopackchile.cl\/index.php\/wp-json\/wp\/v2\/product\/2458\/revisions"}],"predecessor-version":[{"id":2459,"href":"https:\/\/biopackchile.cl\/index.php\/wp-json\/wp\/v2\/product\/2458\/revisions\/2459"}],"wp:featuredmedia":[{"embeddable":true,"href":"https:\/\/biopackchile.cl\/index.php\/wp-json\/wp\/v2\/media\/2460"}],"wp:attachment":[{"href":"https:\/\/biopackchile.cl\/index.php\/wp-json\/wp\/v2\/media?parent=2458"}],"wp:term":[{"taxonomy":"product_brand","embeddable":true,"href":"https:\/\/biopackchile.cl\/index.php\/wp-json\/wp\/v2\/product_brand?post=2458"},{"taxonomy":"product_cat","embeddable":true,"href":"https:\/\/biopackchile.cl\/index.php\/wp-json\/wp\/v2\/product_cat?post=2458"},{"taxonomy":"product_tag","embeddable":true,"href":"https:\/\/biopackchile.cl\/index.php\/wp-json\/wp\/v2\/product_tag?post=2458"}],"curies":[{"name":"wp","href":"https:\/\/api.w.org\/{rel}","templated":true}]}}