{"id":2485,"date":"2023-04-25T18:09:51","date_gmt":"2023-04-25T18:09:51","guid":{"rendered":"https:\/\/biopackchile.cl\/?post_type=product&#038;p=2485"},"modified":"2023-04-25T18:16:52","modified_gmt":"2023-04-25T18:16:52","slug":"zuncho-polipropileno-pp","status":"publish","type":"product","link":"https:\/\/biopackchile.cl\/index.php\/producto\/zuncho-polipropileno-pp\/","title":{"rendered":"Zuncho Polipropileno (PP)"},"content":{"rendered":"<p>Fabricado con materiales reciclados, se utiliza para embalaje y amarres livianos (hasta 200kilos) de cajas, pallets, muebles, mercader\u00eda en general. Se pueden aplicar manualmente o con m\u00e1quinas autom\u00e1ticas y vienen de diferentes anchos y espesores, seg\u00fan el requerimiento de la carga.<\/p>\n","protected":false},"excerpt":{"rendered":"<p>Fabricado con materiales reciclados, se utiliza para embalaje y amarres livianos (hasta 200kilos) de cajas, pallets, muebles, mercader\u00eda en general. Se pueden aplicar manualmente o con m\u00e1quinas autom\u00e1ticas y vienen de diferentes anchos y espesores, seg\u00fan el requerimiento de la carga.<\/p>\n","protected":false},"featured_media":2486,"comment_status":"closed","ping_status":"closed","template":"","meta":[],"product_brand":[],"product_cat":[149,157],"product_tag":[],"class_list":{"0":"post-2485","1":"product","2":"type-product","3":"status-publish","4":"has-post-thumbnail","6":"product_cat-polipropileno-pp-zunchos","7":"product_cat-zunchos","9":"first","10":"instock","11":"taxable","12":"shipping-taxable","13":"product-type-simple"},"_links":{"self":[{"href":"https:\/\/biopackchile.cl\/index.php\/wp-json\/wp\/v2\/product\/2485","targetHints":{"allow":["GET"]}}],"collection":[{"href":"https:\/\/biopackchile.cl\/index.php\/wp-json\/wp\/v2\/product"}],"about":[{"href":"https:\/\/biopackchile.cl\/index.php\/wp-json\/wp\/v2\/types\/product"}],"replies":[{"embeddable":true,"href":"https:\/\/biopackchile.cl\/index.php\/wp-json\/wp\/v2\/comments?post=2485"}],"version-history":[{"count":1,"href":"https:\/\/biopackchile.cl\/index.php\/wp-json\/wp\/v2\/product\/2485\/revisions"}],"predecessor-version":[{"id":2487,"href":"https:\/\/biopackchile.cl\/index.php\/wp-json\/wp\/v2\/product\/2485\/revisions\/2487"}],"wp:featuredmedia":[{"embeddable":true,"href":"https:\/\/biopackchile.cl\/index.php\/wp-json\/wp\/v2\/media\/2486"}],"wp:attachment":[{"href":"https:\/\/biopackchile.cl\/index.php\/wp-json\/wp\/v2\/media?parent=2485"}],"wp:term":[{"taxonomy":"product_brand","embeddable":true,"href":"https:\/\/biopackchile.cl\/index.php\/wp-json\/wp\/v2\/product_brand?post=2485"},{"taxonomy":"product_cat","embeddable":true,"href":"https:\/\/biopackchile.cl\/index.php\/wp-json\/wp\/v2\/product_cat?post=2485"},{"taxonomy":"product_tag","embeddable":true,"href":"https:\/\/biopackchile.cl\/index.php\/wp-json\/wp\/v2\/product_tag?post=2485"}],"curies":[{"name":"wp","href":"https:\/\/api.w.org\/{rel}","templated":true}]}}