{"id":2513,"date":"2023-04-25T20:51:43","date_gmt":"2023-04-25T20:51:43","guid":{"rendered":"https:\/\/biopackchile.cl\/?post_type=product&#038;p=2513"},"modified":"2023-04-25T21:15:26","modified_gmt":"2023-04-25T21:15:26","slug":"zuncho-de-acero","status":"publish","type":"product","link":"https:\/\/biopackchile.cl\/index.php\/producto\/zuncho-de-acero\/","title":{"rendered":"Zuncho de Acero"},"content":{"rendered":"<p>Fleje de alta resistencia a la tensi\u00f3n y la tracci\u00f3n, indicado para cargas semi pesadas y pesadas. Cubierto con esmalte para evitar la corrosi\u00f3n.<\/p>\n<p>Ideal para transporte de bultos pesados, madera, paquetes o pallets de fierro o ca\u00f1er\u00edas.<\/p>\n<p>Diferentes medidas de ancho (1\/2\u201d, 5\/8\u201d, 3\/4\u201d, 1 \u00bc\u201d) y de espesor (0,5; 0,8; 1mm).<\/p>\n","protected":false},"excerpt":{"rendered":"<p>Fleje de alta resistencia a la tensi\u00f3n y la tracci\u00f3n, indicado para cargas semi pesadas y pesadas. Cubierto con esmalte para evitar la corrosi\u00f3n. Ideal para transporte de bultos pesados, madera, paquetes o pallets de fierro o ca\u00f1er\u00edas. Diferentes medidas de ancho (1\/2\u201d, 5\/8\u201d, 3\/4\u201d, 1 \u00bc\u201d) y de espesor (0,5; 0,8; 1mm).<\/p>\n","protected":false},"featured_media":2514,"comment_status":"closed","ping_status":"closed","template":"","meta":[],"product_brand":[],"product_cat":[147,157],"product_tag":[],"class_list":{"0":"post-2513","1":"product","2":"type-product","3":"status-publish","4":"has-post-thumbnail","6":"product_cat-acero-esmaltado","7":"product_cat-zunchos","9":"first","10":"instock","11":"taxable","12":"shipping-taxable","13":"product-type-simple"},"_links":{"self":[{"href":"https:\/\/biopackchile.cl\/index.php\/wp-json\/wp\/v2\/product\/2513","targetHints":{"allow":["GET"]}}],"collection":[{"href":"https:\/\/biopackchile.cl\/index.php\/wp-json\/wp\/v2\/product"}],"about":[{"href":"https:\/\/biopackchile.cl\/index.php\/wp-json\/wp\/v2\/types\/product"}],"replies":[{"embeddable":true,"href":"https:\/\/biopackchile.cl\/index.php\/wp-json\/wp\/v2\/comments?post=2513"}],"version-history":[{"count":1,"href":"https:\/\/biopackchile.cl\/index.php\/wp-json\/wp\/v2\/product\/2513\/revisions"}],"predecessor-version":[{"id":2515,"href":"https:\/\/biopackchile.cl\/index.php\/wp-json\/wp\/v2\/product\/2513\/revisions\/2515"}],"wp:featuredmedia":[{"embeddable":true,"href":"https:\/\/biopackchile.cl\/index.php\/wp-json\/wp\/v2\/media\/2514"}],"wp:attachment":[{"href":"https:\/\/biopackchile.cl\/index.php\/wp-json\/wp\/v2\/media?parent=2513"}],"wp:term":[{"taxonomy":"product_brand","embeddable":true,"href":"https:\/\/biopackchile.cl\/index.php\/wp-json\/wp\/v2\/product_brand?post=2513"},{"taxonomy":"product_cat","embeddable":true,"href":"https:\/\/biopackchile.cl\/index.php\/wp-json\/wp\/v2\/product_cat?post=2513"},{"taxonomy":"product_tag","embeddable":true,"href":"https:\/\/biopackchile.cl\/index.php\/wp-json\/wp\/v2\/product_tag?post=2513"}],"curies":[{"name":"wp","href":"https:\/\/api.w.org\/{rel}","templated":true}]}}